 + 5*o - 320 = 0. Calculate the remainder when (20/15)/((24/3633)/((-84)/(-98))) is divided by z.
55
Let g = -52 - -55. Suppose -g*s - 30*h = -27*h - 204, s + 3*h - 64 = 0. What is the remainder when 279 is divided by s?
69
Let u(r) be the third derivative of 55*r**4/8 - 5*r**3/6 - 19*r**2. Let f be u(1). Suppose 50 = -2*z + f. Calculate the remainder when z is divided by 20.
15
Suppose 25 = 7*o - 17. Let u(p) = 2*p**2 - 2*p - 47. What is the remainder when u(o) is divided by 11?
2
Let w(m) = 4122*m - 650. Calculate the remainder when w(2) is divided by 31.
30
Let i(j) = -20*j - 3. Let u be 375/(-300)*(-8)/5. Calculate the remainder when i(-6) is divided by (-180)/(-16)*u + 15/(-6).
17
Suppose 108 = 11*d - 2411. What is the remainder when 4806 is divided by d?
226
Let z(j) = -80*j - 1350. What is the remainder when z(-19) is divided by 91?
79
Suppose 0 = 4*v - 2*v + 4, -3*v - 146 = -5*j. Calculate the remainder when 438672/3990 - 2/(-35) is divided by j.
26
Let h(o) = 6*o**2 + 17*o**2 - 35*o + 4 - 6*o + 0 + 6 - o**3. What is the remainder when 142 is divided by h(21)?
18
Let o = -312 - -388. Suppose 7*i = 10*i + 3*p - 90, 4*p + o = 3*i. What is the remainder when 66 is divided by i?
10
Let h = 403 + -117. What is the remainder when h is divided by (-4)/(-5)*(45 - (-23 - -28))?
30
Suppose -13*r - 72 = -17*r. Suppose -5*v = 5*k - 20, -4*k - v + 19 = -0. Suppose -r = k*l + 2, 2*j = -l + 72. Calculate the remainder when 147 is divided by j.
33
Suppose v + v + 12 = c, -3*c + 2*v = -16. What is the remainder when ((1 - -4) + (-48 - -8))*(-3)/5 is divided by c?
1
Suppose c = -4*l + 30, 2*l - 35 = -c - 3*l. Let s(g) be the first derivative of 47*g**3/3 - g**2/2 - g + 13. Calculate the remainder when s(-1) is divided by c.
7
Let i = -11430 - -11723. Calculate the remainder when i is divided by 7.
6
Let i(q) = -299*q**3 + 6*q**2 + 7*q + 5. Calculate the remainder when 3030 is divided by i(-1).
0
Let l = 95 + 305. Let h = 490 - l. Calculate the remainder when h is divided by 35.
20
Suppose -6*m + 5*m + 33 = 0. Suppose -22*h - 220 = -m*h. Calculate the remainder when 113 is divided by h.
13
Let k = 115664 - 115651. Let i(y) = 6*y**2 - 2*y - 2. Calculate the remainder when i(2) is divided by k.
5
Suppose z - 2*n + 1 = 16, -4*z = n - 15. Suppose 0 = -9*x + z*x + 80. Suppose -2*q = r - 74, -3*r + x = 2*r. What is the remainder when q is divided by 13?
9
Suppose 272*z + 44 = 3*k + 273*z, 0 = k - z - 24. Let i = 194 - 131. What is the remainder when i is divided by k?
12
Suppose -z + 10 = -v, 2*v + 44 = -31*z + 36*z. Suppose -2*x = -4*x - 8. What is the remainder when z is divided by x/(-18) + (-32)/(-18)?
0
Calculate the remainder when 3695 is divided by (-2)/((-12)/6)*((-9)/(-3) + 182).
180
Suppose 6*d - 68 = 2*t, 80*d = 77*d - 5*t + 82. What is the remainder when 1566 is divided by d?
12
Let q(y) = y + 62. Let z = 428 + -421. Let l(u) = -16*u + 125. What is the remainder when q(0) is divided by l(z)?
10
Suppose -22*h = -409 + 658 - 403. Suppose -2*z + 4 = -10. Calculate the remainder when h is divided by z.
0
Let u(w) = -59*w - 113. Let x be u(-2). Suppose x*s = 29*s - 2136. What is the remainder when s is divided by 24?
17
Suppose -138 = -3*z - 3*b, -157*z + b = -152*z - 236. Calculate the remainder when 343 is divided by z.
14
Let n = 227 - -283. Suppose 21*l = 18*l + n. Calculate the remainder when l is divided by 44.
38
Let b = -3261 + 3601. What is the remainder when b is divided by 36?
16
Suppose 10287 = 124*o - 3725. Calculate the remainder when 478 is divided by o.
26
Let f(g) = -g**2 + 31*g + 53. Let u(j) = j**2 + 7*j + 13. What is the remainder when f(31) is divided by u(-5)?
2
Let x be -8 - -11 - (2 - 1)/(-1). Suppose -19 = x*n - 3*t, 4*n - n - t = -13. Let z(w) = 3*w**2 - 3. Calculate the remainder when z(n) is divided by 24.
21
Suppose -123144 = -18879*q + 18823*q. What is the remainder when q is divided by 46?
37
Suppose -10*h + 11 = -6*h + i, -10 = h - 4*i. Suppose 4*n = 0, -4*q = n - h*n - 56. What is the remainder when 125 is divided by q?
13
Let t be (-65)/(-52) + (-252)/(-16). Let g(w) = -33*w + 568. Suppose -43 = -4*j - 2*y + y, -3*y = 3. Calculate the remainder when j is divided by g(t).
4
Let i = 10836 - 10479. What is the remainder when 1451 is divided by i?
23
Suppose -641*k = -547*k - 568418. Calculate the remainder when k is divided by 27.
26
Let v(x) = -x**2 + 19*x - 25. Let c = -339 - -351. What is the remainder when 111 is divided by v(c)?
52
Suppose 0*r - 4*r + 828 = -4*j, -4*r + 3*j = -828. Suppose r = 7*t - 220. What is the remainder when 242 is divided by t?
59
Let y(v) = v**3 - v**2 - 55*v + 130. What is the remainder when 249 is divided by y(0)?
119
Suppose r - 2*a = -678, -5*r - 2*a - 3350 = -4*a. Let x = r + 816. Let h(c) = 19*c. Calculate the remainder when x is divided by h(1).
15
Suppose -8*t = -13*t - 4*l + 30, 4*t + 5*l = 24. What is the remainder when (1 - 31)/(51/(-34)) is divided by t?
2
Let l(o) = o**3 + 12*o**2 - 3*o - 19. Let a be l(-13). Calculate the remainder when 354 is divided by a/(-8) + 3/8.
12
Suppose 0 = 3*x + 16*x - 76. Suppose x*n - 217 = 5*i - 628, 2*n - 2 = 0. What is the remainder when 160 is divided by i?
77
Suppose -2*v - 28*a = -32*a - 108, a - 182 = -5*v. Calculate the remainder when 1872 is divided by v.
10
Let j = 96 - 44. Suppose -78926*d + 3780 = -78911*d. What is the remainder when d is divided by j?
44
Let g = -23848 + 24204. Calculate the remainder when 1789 is divided by g.
9
Suppose x - 830 = 545. Calculate the remainder when x is divided by 115.
110
Suppose -k = 5*q + 12 + 15, 3*q = -2*k - 96. Let w(f) = f**3 - f**2 - 102. Let s be w(0). Let b = k - s. Calculate the remainder when b is divided by 12.
9
Suppose -4*u + 23*u - 18*u = 4349. What is the remainder when u is divided by 17?
14
Let f(p) = p**2 + 12*p - 11. Let m(i) = -2*i**2 - i - 5. Let n be m(-2). Let z be f(n). Let v(o) = o + 30. What is the remainder when v(z) is divided by 2?
0
Suppose 0 = -11*m + 34*m. Suppose -23*w + 33*w - 200 = m. Calculate the remainder when w is divided by 13.
7
Let z = 7 + -12. Let d(n) = n**2 - 8*n - 23. Let p be d(z). Suppose -5*h = 4*m - p, -5*m + 0*h + 71 = -3*h. What is the remainder when m is divided by 8?
5
Let a(l) = -6*l + 2 + 26 + 22. Let j be a(8). Suppose 4*y - j*v + 7*v - 469 = 0, 4*v = 4*y - 424. Calculate the remainder when y is divided by 16.
15
Let o(q) = -3355*q - 20549. Calculate the remainder when o(-9) is divided by 134.
132
Let a = 179 + -175. Suppose -4*x + 575 = 5*n, 9*x - 727 = a*x + 2*n. What is the remainder when x is divided by 37?
34
Let y = -7329 - -7422. Suppose 2*x + 25 = 3*x. Suppose -x = -0*k - k. Calculate the remainder when y is divided by k.
18
Let x(d) = d**3 + 38*d**2 + 36*d + 2. Let l(b) = -7*b - 100. Let i be l(-9). What is the remainder when 72 is divided by x(i)?
33
Let r = 259 + -170. Let f = 4973 - 4968. Calculate the remainder when r is divided by f.
4
Let d(j) = 195*j - 4155. What is the remainder when d(32) is divided by 232?
229
Suppose 3*n = 4*v - 1179, 2*n - 1857 = -4*v - 683. Suppose 30*c - 456 = v. What is the remainder when 91 is divided by c?
16
Let d = -7 + 32. Suppose 0 = -2*b + 2, 3*j = b - 39 - 34. Calculate the remainder when 3/j + (-1138)/(-16) is divided by d.
21
Suppose -47631*j = -47612*j - 608. What is the remainder when 1020 is divided by j?
28
Let r = -399302 + 399313. Suppose -2*f - 235 = -7*f - 4*c, 3*c - 47 = -f. Suppose 4*p - 33 = f. Calculate the remainder when p is divided by r.
9
Let x = 90 - 90. Let p be (5 + x + -6)/(1/85). Let w = 91 + p. What is the remainder when 28 is divided by w?
4
Suppose 306 = 4*k + 254. Let h(i) = -i + 9. Calculate the remainder when h(-16) is divided by k.
12
Let r(z) = -9*z - 46. Let k be r(-20). Let w = k - 84. Calculate the remainder when 58 is divided by w.
8
Let o = -2248 - -2393. What is the remainder when 599 is divided by o?
19
Suppose a - 4 - 46 = 0. Calculate the remainder when a is divided by 136/(-64)*-12*(-2)/(-3).
16
Let p = -6685 - -6717. What is the remainder when 6973 is divided by p?
29
Suppose -224*v + 56*v + 872 = -59*v. Let q = 98 - -9. Calculate the remainder when q is divided by v.
3
Let h(b) = -b**3 - b**2 - 2*b + 34. Suppose 0*l + 3*l = i + 166, 5*i + 3*l + 740 = 0.